{"id":75,"date":"2016-11-18T10:04:11","date_gmt":"2016-11-18T10:04:11","guid":{"rendered":"http:\/\/akupunktur-grimm.de\/WordPress_SecureMode_01\/?page_id=75"},"modified":"2017-01-31T14:19:46","modified_gmt":"2017-01-31T14:19:46","slug":"klassische-akupunktur","status":"publish","type":"page","link":"https:\/\/akupunktur-grimm.de\/?page_id=75","title":{"rendered":"klassische Akupunktur"},"content":{"rendered":"<p><img loading=\"lazy\" decoding=\"async\" class=\"alignnone wp-image-44 size-full\" src=\"http:\/\/akupunktur-grimm.de\/WordPress_SecureMode_01\/wp-content\/uploads\/2016\/11\/slider_klassische-akupunktur.jpg\" alt=\"Klassische Akupunktur\" width=\"1400\" height=\"500\" srcset=\"https:\/\/akupunktur-grimm.de\/wp-content\/uploads\/2016\/11\/slider_klassische-akupunktur.jpg 1400w, https:\/\/akupunktur-grimm.de\/wp-content\/uploads\/2016\/11\/slider_klassische-akupunktur-300x107.jpg 300w, https:\/\/akupunktur-grimm.de\/wp-content\/uploads\/2016\/11\/slider_klassische-akupunktur-768x274.jpg 768w, https:\/\/akupunktur-grimm.de\/wp-content\/uploads\/2016\/11\/slider_klassische-akupunktur-1024x366.jpg 1024w\" sizes=\"auto, (max-width: 1400px) 100vw, 1400px\" \/><\/p>\n<p>Die Akupunktur als \u00e4lteste Heilmethode der Welt beruht auf der Einteilung des K\u00f6rpers in Energiebahnen (sog. Meridiane) und darauf befindlichen Punkten, die den Organen und Funktionen des K\u00f6rpers zugeordnet sind.<br \/>\nKlassische Akupunktur ist laut WHO besonders hilfreich bei:<br \/>\n\u2022 Allergien<br \/>\n\u2022 Kopfschmerzen, Migr\u00e4ne<br \/>\n\u2022 Nervenschmerzen<br \/>\n\u2022 Beschwerden an Hals-, Brust- und Lendenwirbels\u00e4ule<br \/>\n\u2022 Ersch\u00f6pfungszust\u00e4nden und\/oder Schlafst\u00f6rungen<br \/>\n\u2022 Menstruations- und\/oder Wechseljahrsbeschwerden<\/p>\n<p><img loading=\"lazy\" decoding=\"async\" class=\"size-full wp-image-111 alignleft\" src=\"http:\/\/akupunktur-grimm.de\/WordPress_SecureMode_01\/wp-content\/uploads\/2016\/11\/logo_akupunktur_vanderMolen.png\" alt=\"logo_akupunktur_vandermolen\" width=\"200\" height=\"200\" srcset=\"https:\/\/akupunktur-grimm.de\/wp-content\/uploads\/2016\/11\/logo_akupunktur_vanderMolen.png 200w, https:\/\/akupunktur-grimm.de\/wp-content\/uploads\/2016\/11\/logo_akupunktur_vanderMolen-150x150.png 150w\" sizes=\"auto, (max-width: 200px) 100vw, 200px\" \/><\/p>\n<p>&nbsp;<\/p>\n<p>Martina Grimm erhielt ihre Ausbildung zur Akupunkteurin von der<b> TSI MO Akupunkturschule<\/b>, Maria Kriester M\u00fcnchen:<br \/>\nAusbildung in klassischer Akupunktur und Pulsdiagnose nach Ton van der Molen<br \/>\n(Abschluss mit Diplom + Licensed Acupuncturist (L.Ac.))<\/p>\n<p><a href=\"http:\/\/www.tsimo.de\/\" target=\"_blank\">Mehr Informationen unter tsimo.de<\/a><\/p>\n","protected":false},"excerpt":{"rendered":"<p>Die Akupunktur als \u00e4lteste Heilmethode der Welt beruht auf der Einteilung des K\u00f6rpers in Energiebahnen (sog. Meridiane) und darauf befindlichen Punkten, die den Organen und Funktionen des K\u00f6rpers zugeordnet sind. Klassische Akupunktur ist laut WHO besonders hilfreich bei: \u2022 Allergien<\/p>\n","protected":false},"author":1,"featured_media":44,"parent":16,"menu_order":0,"comment_status":"closed","ping_status":"closed","template":"","meta":{"footnotes":""},"class_list":["post-75","page","type-page","status-publish","has-post-thumbnail","hentry"],"_links":{"self":[{"href":"https:\/\/akupunktur-grimm.de\/index.php?rest_route=\/wp\/v2\/pages\/75","targetHints":{"allow":["GET"]}}],"collection":[{"href":"https:\/\/akupunktur-grimm.de\/index.php?rest_route=\/wp\/v2\/pages"}],"about":[{"href":"https:\/\/akupunktur-grimm.de\/index.php?rest_route=\/wp\/v2\/types\/page"}],"author":[{"embeddable":true,"href":"https:\/\/akupunktur-grimm.de\/index.php?rest_route=\/wp\/v2\/users\/1"}],"replies":[{"embeddable":true,"href":"https:\/\/akupunktur-grimm.de\/index.php?rest_route=%2Fwp%2Fv2%2Fcomments&post=75"}],"version-history":[{"count":5,"href":"https:\/\/akupunktur-grimm.de\/index.php?rest_route=\/wp\/v2\/pages\/75\/revisions"}],"predecessor-version":[{"id":213,"href":"https:\/\/akupunktur-grimm.de\/index.php?rest_route=\/wp\/v2\/pages\/75\/revisions\/213"}],"up":[{"embeddable":true,"href":"https:\/\/akupunktur-grimm.de\/index.php?rest_route=\/wp\/v2\/pages\/16"}],"wp:featuredmedia":[{"embeddable":true,"href":"https:\/\/akupunktur-grimm.de\/index.php?rest_route=\/wp\/v2\/media\/44"}],"wp:attachment":[{"href":"https:\/\/akupunktur-grimm.de\/index.php?rest_route=%2Fwp%2Fv2%2Fmedia&parent=75"}],"curies":[{"name":"wp","href":"https:\/\/api.w.org\/{rel}","templated":true}]}}